5*y - 3*i - 57. Suppose b - 5*c - 3 = 0, 3 = -2*b + c + y. Suppose 0*s + b*s = 12. What is the units digit of s?
4
Let l(c) = 13*c**2 - c + 1. Suppose -3*k + 15 = -0. Let o(r) = r**2 - 8*r + 17. Let x be o(k). What is the units digit of l(x)?
1
What is the units digit of ((-14)/(-6))/((-35)/(-8820))?
8
Let q be ((-3)/(-5))/(11/55). Suppose 0 = -q*t + 95 + 82. What is the units digit of t?
9
Let a(g) = -g - 5. Let v be a(-8). What is the tens digit of (-14)/6*((-54)/v + 3)?
3
Let c(l) = -101*l - 3. Let d(s) = -203*s - 6. Let w(p) = 7*c(p) - 3*d(p). What is the tens digit of w(-1)?
9
Suppose -2*v = -5*v + h + 16, 1 = 3*v - 4*h. Suppose -5*x = -2*x + 3*c, -3*c = 2*x. Suppose r + x = v. What is the units digit of r?
7
Let d(u) be the third derivative of u**5/30 - u**4/8 - u**3/3 + 6*u**2. Let s be d(3). What is the units digit of (-20 + 13)*(-6)/s?
6
Let r = 4 - 2. Suppose r*p - 108 - 38 = 0. What is the units digit of p?
3
Suppose 3*m + 174 = 984. Suppose -4*k + m = k. What is the tens digit of k?
5
Suppose -189 + 929 = 4*w. What is the tens digit of w?
8
Let v be (-2765)/(-15) + 0 + 2/(-6). Let t = 313 - v. What is the tens digit of t?
2
Suppose 2*w = 456 + 598. What is the units digit of w?
7
What is the tens digit of 373152/644 - 3/7?
7
Let a = -13 - -22. Let d = 14 - a. Suppose -1 = g - 0*c - 5*c, -d*g = -c - 91. What is the units digit of g?
9
Let x(t) = t**3 - 11*t. Let g be x(9). Suppose -7*n - v + 630 = -2*n, -5*n = -3*v - g. What is the hundreds digit of n?
1
What is the tens digit of (-3)/2*-149 + 3/6?
2
Let j = -27 - -18. Let v = 37 + j. What is the units digit of v?
8
Suppose -5*y = p - 2*y + 19, -3*y - 49 = 4*p. Let x be 2/(24/122) - 2/12. What is the units digit of (12/x)/(p/(-75))?
9
Let t be ((-84)/(-16))/((-9)/(-24)). Suppose -7 = -3*q + t. What is the units digit of (5 - q) + 36/2?
6
Suppose 0 = 4*n + g - 42, 7*n - 3*g - 50 = 3*n. Let c = n - 10. Let x(a) = 15*a**3 + a**2 - a. What is the tens digit of x(c)?
1
Let l = 1731 + -447. What is the units digit of l?
4
Let m be (3*-44)/(1/(-4)). What is the units digit of 2/7 - m/(-112)?
5
Suppose -50 = d - 49. Let k = 6 + -4. What is the units digit of k + (-2 - -1) - d?
2
Let v(k) = k**3 + 40*k**2 - 121*k - 80. What is the hundreds digit of v(-42)?
4
Let w(t) = 0*t - t - 2 + 2*t + 5. What is the units digit of w(15)?
8
Let j(x) = x**2 + 4*x + 1. Let k be j(-5). Suppose 2*s + s + k = 0. What is the tens digit of 7/(-14) + (-111)/s?
5
Let o(m) = 2*m**2 - m. Let c be o(-1). Let q be -2 + (-3 + -8)*-1. Suppose -3*s = -q, -4*d + c*s = 1 - 4. What is the units digit of d?
3
Suppose 2*p = -1004 + 5408. What is the hundreds digit of p?
2
Let w = 38 - 37. What is the tens digit of w + -1 + -1 + 73?
7
Suppose 3*a + 9 = -q - a, -3*a - 27 = 3*q. What is the units digit of (-2)/q - 1880/(-45)?
2
Suppose g + 2 - 4 = 0. Let i be -14*3/(-4)*14. Suppose 4*f - y - i = 0, -2*y - g*y - 181 = -5*f. What is the units digit of f?
7
Let d be 8/(-6)*(5 - 17). Suppose 0 = 6*u - d - 2. Suppose 0 = -2*f + 4*j + 138, -3*f - u*j = -2*f - 74. What is the units digit of f?
1
Suppose -y - j = -4*j - 5, j - 5 = -3*y. Suppose 0 = -y*r - h - 2 + 10, 0 = 3*h + 12. What is the units digit of (r - -15)*2/6?
7
Let t(w) be the second derivative of w**4/6 - w**3/6 - w**2/2 - 15*w. What is the units digit of t(-2)?
9
Let q be (-38)/(-8) - (-10)/40. What is the hundreds digit of (q - 7)/((-1)/137)?
2
Suppose 2*k - 30 = 5*g, 5*g + 3*k = 2*g - 18. Let s(i) be the third derivative of -i**6/120 - i**5/12 + i**4/8 - i**3 + i**2. What is the units digit of s(g)?
2
Let r(w) = -w**2 - 6*w - 11. Let s be r(-5). Let p(a) = -2*a + 29. What is the tens digit of p(s)?
4
Let c = 684 + 326. What is the units digit of c?
0
Suppose 3 = 3*i, 5*i + 43 = 5*l - 3*l. Let j be (l/(-4))/(-2)*-6. What is the tens digit of 27/j*28/(-3)?
1
Let s(w) = 2*w**3 - 7*w**2 + 3*w + 12. Suppose c + 3*c = 16. What is the tens digit of s(c)?
4
Suppose -3*v + 15 = 2*v, -3*z + v + 3 = 0. Suppose -z*f = -4*f + 118. What is the tens digit of f?
5
Suppose 1647 = -39*q + 11046. What is the units digit of q?
1
Suppose 8 = r - 0. Suppose -3*i = -r*i + 10. Suppose 5*j - g - g = 37, -44 = -4*j - i*g. What is the units digit of j?
9
Suppose 8770 = -16*b + 26*b. What is the hundreds digit of b?
8
Suppose -2337 = -a - 2*a - 3*p, -2*p = 4*a - 3126. Let u = 42 - 12. What is the tens digit of a/u - (-18)/(-135)?
2
Let r = 1647 + -1290. What is the units digit of r?
7
Let r be (1850/15)/(2/(-12)). What is the units digit of (2/(-4))/(10/r)?
7
Let k(z) = -3*z**3 - 5*z**2 + 10*z - 8. What is the hundreds digit of k(-5)?
1
Suppose -5*x + 130 = -50. Suppose -134 = -2*i + x. What is the units digit of i?
5
Let j be (-3)/(0 - 6/20). Let q be ((-64)/6)/(j/(-15)). Suppose 4*d - q - 100 = 0. What is the units digit of d?
9
What is the units digit of (-3 - 129)*46/(-8)?
9
Let t(s) = -s**3 - s**2. Let f(m) = m**3 + 6*m**2 - m - 6. Let z be f(-6). Let i be t(z). Suppose 5*l + 16 - 49 = -2*u, l + 3 = i. What is the tens digit of u?
2
Let p(y) = -366*y + 101. What is the units digit of p(-11)?
7
Suppose -5*a - t + 31 + 34 = 0, 0 = -5*a + 5*t + 95. Suppose -552 = a*h - 18*h. What is the hundreds digit of h?
1
Let b(r) = 6*r**2 + 46*r + 217. What is the units digit of b(-19)?
9
What is the hundreds digit of (-6845)/(-25) + ((-10)/25)/(-2)?
2
Let a(u) = -u**2 + 2*u - u**3 + 0*u + 2*u**3 + 5. Let f(v) = 3*v. Let b be f(1). What is the tens digit of a(b)?
2
Let f(b) = 42*b**3 - b**2 - b + 1. Suppose -c + 5 = -3*x - 0, 5*x + 23 = -2*c. Let n be 3/(-1)*1 - c. What is the units digit of f(n)?
1
Let a(l) = 4*l**2 - 24 + 4*l - 3*l**2 - 3*l**2 + 3*l**2. What is the tens digit of a(-10)?
3
Let o(r) = -4*r - 1. Let t be o(-1). Suppose 2*h - 3*b - t = 0, 0 = 4*h - 9*h + 5*b + 5. Suppose 4*j - 3 - 33 = h. What is the units digit of j?
9
Suppose 1782*f - 1668 = 1778*f. What is the units digit of f?
7
Suppose -218*t + 228*t = 7410. What is the hundreds digit of t?
7
Let n(a) = -246*a + 89. What is the thousands digit of n(-9)?
2
Let y = -124 - -299. What is the units digit of y?
5
Let o be 4/14 + 0 + 6/(-21). Suppose o = 8*b + 4*b - 1152. What is the tens digit of b?
9
Let b be ((-12)/(-9))/(3/(-27)*-6). Suppose -7*i - b*i = -747. What is the tens digit of i?
8
Let c be ((-48)/(-2))/((-4)/96*-4). Let t = c - 83. What is the tens digit of t?
6
Let g be 1/(-2)*(87 + 3/(-3)). Let q = 28 - g. What is the tens digit of q?
7
Suppose 0 = 14*b - 22316 + 2002. What is the units digit of b?
1
What is the units digit of (-39)/(2/((-14)/3))?
1
Let j(o) = 2*o + 13. Let x be j(0). Let y be x/26 + 182/4. What is the tens digit of ((-68)/(-3))/(y/69)?
3
What is the thousands digit of 10082/10 - 96/80?
1
Let z = -397 - -203. What is the units digit of z*-3*2/12?
7
Let g(q) = 32*q - 16. Let l = 76 + -72. What is the hundreds digit of g(l)?
1
Let y(p) = p**3 - p**2 + 2*p - 16. Let h be y(7). Suppose -4*v + 4*n = -416, v = 4*v + n - h. What is the units digit of v?
9
Let c(u) = -4 - 2*u**3 + 4*u + 5*u**3 - 4*u**2 - 2*u**3. Let l be c(3). Let x(m) = -19*m + 1. What is the units digit of x(l)?
0
Suppose -42*s - 35 = -35*s. What is the hundreds digit of (-1 - s) + -3 + 150?
1
Let q = 10 + -8. Suppose -25 = x - q*x. Suppose -x - 40 = -5*c. What is the units digit of c?
3
Suppose -n = h + 1420 - 4154, 0 = -h - 3*n + 2744. What is the thousands digit of h?
2
Suppose 653 = r - 23. What is the hundreds digit of r?
6
Suppose -18 = -12*p + 9*p. Suppose -p*d - 242 = -1424. What is the hundreds digit of d?
1
Let l = 16 + -14. Suppose -4*t + t = -5*x - 60, x - 40 = -l*t. Suppose 5*v + 6 = -b + 44, t = b - v. What is the tens digit of b?
2
Suppose 0 = w - 4*v + 84, 4*v - 366 = 5*w + 2*v. Let h = w + 130. What is the tens digit of h?
5
Let f(s) = -s**3 - 10*s**2 - 2*s - 15. Let o be f(-10). Let i = o + -3. What is the units digit of i?
2
Suppose 2*o = 1 - 13. Let p be (o/2)/(4/12). Let w = p + 47. What is the units digit of w?
8
What is the units digit of (50/150)/(1/1434)?
8
Let g = -5 + 10. Suppose g*m + 44 = -4*a, -a + m = 3*m + 14. What is the units digit of 386/14 + a/(-14)?
8
Let y = 835 + -505. Suppose -w - 116 = 5*q - 470, -5*q = -5*w - y. What is the units digit of q?
0
Suppose -12*a = -14*a - 152. Let x = a + 157. What is the tens